{"id":39,"date":"2021-03-01T10:48:49","date_gmt":"2021-03-01T10:48:49","guid":{"rendered":"https:\/\/carpin-mecklenburg.de\/?page_id=39"},"modified":"2024-02-15T12:48:28","modified_gmt":"2024-02-15T13:48:28","slug":"formulare-vordrucke","status":"publish","type":"page","link":"https:\/\/carpin-mecklenburg.de\/index.php\/formulare-vordrucke\/","title":{"rendered":"Formulare &#038; Vordrucke"},"content":{"rendered":"<p>Hier k\u00f6nnen Sie die entsprechenden Dokumente im PDF-Format herunterladen.<\/p>\n<p><a href=\"https:\/\/carpin-mecklenburg.de\/wp-content\/uploads\/2021\/03\/Antrag_Zuschuss_Vereine.pdf\" target=\"_blank\" rel=\"noopener\">Antrag auf Zusch\u00fcsse f\u00fcr Vereine<\/a><\/p>\n<p><a href=\"https:\/\/carpin-mecklenburg.de\/wp-content\/uploads\/2024\/02\/NutzungsvereinbarungFestzeltgarnituren.pdf\" target=\"_blank\" rel=\"noopener\">Mieten von Gemeinder\u00e4umen &#8211; Nutzungsvereinbarung<\/a><\/p>\n<p><a href=\"https:\/\/carpin-mecklenburg.de\/wp-content\/uploads\/2024\/02\/AufnahmeantragFoerdervereinFreiwilligeFeuerwehr.pdf\" target=\"_blank\" rel=\"noopener\">Aufnahmeantrag f\u00fcr den F\u00f6rderverein der Freiwilligen Feuerwehr Carpin e.V.<\/a><\/p>\n<p><a href=\"https:\/\/carpin-mecklenburg.de\/wp-content\/uploads\/2024\/02\/Aufnahmeantrag7eV.pdf\" target=\"_blank\" rel=\"noopener\">Aufnahmeantrag f\u00fcr den Verein Sieben e.V.<\/a><\/p>\n","protected":false},"excerpt":{"rendered":"<p>Hier k\u00f6nnen Sie die entsprechenden Dokumente im PDF-Format herunterladen. Antrag auf Zusch\u00fcsse f\u00fcr Vereine Mieten von Gemeinder\u00e4umen &#8211; Nutzungsvereinbarung Aufnahmeantrag f\u00fcr den F\u00f6rderverein der Freiwilligen Feuerwehr Carpin e.V. Aufnahmeantrag f\u00fcr den Verein Sieben e.V.<\/p>\n","protected":false},"author":4,"featured_media":0,"parent":0,"menu_order":0,"comment_status":"closed","ping_status":"closed","template":"","meta":{"footnotes":""},"class_list":["post-39","page","type-page","status-publish","hentry"],"_links":{"self":[{"href":"https:\/\/carpin-mecklenburg.de\/index.php\/wp-json\/wp\/v2\/pages\/39"}],"collection":[{"href":"https:\/\/carpin-mecklenburg.de\/index.php\/wp-json\/wp\/v2\/pages"}],"about":[{"href":"https:\/\/carpin-mecklenburg.de\/index.php\/wp-json\/wp\/v2\/types\/page"}],"author":[{"embeddable":true,"href":"https:\/\/carpin-mecklenburg.de\/index.php\/wp-json\/wp\/v2\/users\/4"}],"replies":[{"embeddable":true,"href":"https:\/\/carpin-mecklenburg.de\/index.php\/wp-json\/wp\/v2\/comments?post=39"}],"version-history":[{"count":10,"href":"https:\/\/carpin-mecklenburg.de\/index.php\/wp-json\/wp\/v2\/pages\/39\/revisions"}],"predecessor-version":[{"id":768,"href":"https:\/\/carpin-mecklenburg.de\/index.php\/wp-json\/wp\/v2\/pages\/39\/revisions\/768"}],"wp:attachment":[{"href":"https:\/\/carpin-mecklenburg.de\/index.php\/wp-json\/wp\/v2\/media?parent=39"}],"curies":[{"name":"wp","href":"https:\/\/api.w.org\/{rel}","templated":true}]}}