{"id":37,"date":"2021-03-01T10:48:18","date_gmt":"2021-03-01T10:48:18","guid":{"rendered":"https:\/\/carpin-mecklenburg.de\/?page_id=37"},"modified":"2024-02-16T12:57:36","modified_gmt":"2024-02-16T13:57:36","slug":"satzungen-verordnungen","status":"publish","type":"page","link":"https:\/\/carpin-mecklenburg.de\/index.php\/satzungen-verordnungen\/","title":{"rendered":"Satzungen &#038; Verordnungen"},"content":{"rendered":"<p>Hier finden Sie die entsprechenden Informationen als Download im PDF-Format.<\/p>\n<p>&nbsp;<\/p>\n<p><strong>Ortsrecht<\/strong><\/p>\n<p><a href=\"https:\/\/carpin-mecklenburg.de\/wp-content\/uploads\/2024\/02\/Abwasserabgabe-Kleineinleiter-5.pdf\" target=\"_blank\" rel=\"noopener\">Abwasserabgabe Kleineinleiter<\/a><\/p>\n<p><a href=\"https:\/\/carpin-mecklenburg.de\/wp-content\/uploads\/2024\/02\/Feuerwehrgebuehrensatzung-Carpin-1.pdf\" target=\"_blank\" rel=\"noopener\">Feuerwehrgeb\u00fchrensatzung-Carpin<\/a><\/p>\n<p><a href=\"https:\/\/carpin-mecklenburg.de\/wp-content\/uploads\/2024\/02\/friedhofsgebuehrensatzung-carpin-1.pdf\" target=\"_blank\" rel=\"noopener\">Friedhofsgeb\u00fchrensatzung<\/a><\/p>\n<p><a href=\"https:\/\/carpin-mecklenburg.de\/wp-content\/uploads\/2024\/02\/friedhofssatzung-carpin.pdf\" target=\"_blank\" rel=\"noopener\">Friedhofssatzung<\/a><\/p>\n<p><a href=\"https:\/\/carpin-mecklenburg.de\/wp-content\/uploads\/2024\/02\/Gehoelzschutzsatzung-1.pdf\" target=\"_blank\" rel=\"noopener\">Geh\u00f6lzschutzsatzung<\/a><\/p>\n<p><a href=\"https:\/\/carpin-mecklenburg.de\/wp-content\/uploads\/2024\/02\/Hauptsatzung-Carpin.pdf\" target=\"_blank\" rel=\"noopener\">Hauptsatzung-Carpin<\/a><\/p>\n<p><a href=\"https:\/\/carpin-mecklenburg.de\/wp-content\/uploads\/2024\/02\/Hausnummernsatzung.pdf\" target=\"_blank\" rel=\"noopener\">Hausnummernsatzung<\/a><\/p>\n<p><a href=\"https:\/\/carpin-mecklenburg.de\/wp-content\/uploads\/2024\/02\/hebesatzsatzung-carpin-lesefassung-1.pdf\" target=\"_blank\" rel=\"noopener\">Hebesatzsatzung<\/a><\/p>\n<p><a href=\"https:\/\/carpin-mecklenburg.de\/wp-content\/uploads\/2024\/02\/hundesteuersatzung-carpin-lesefassung-1.pdf\" target=\"_blank\" rel=\"noopener\">Hundesteuersatzung<\/a><\/p>\n<p><a href=\"https:\/\/carpin-mecklenburg.de\/wp-content\/uploads\/2024\/02\/Stellplatzsatzung.pdf\" target=\"_blank\" rel=\"noopener\">Stellplatzsatzung<\/a><\/p>\n<p><a href=\"https:\/\/carpin-mecklenburg.de\/wp-content\/uploads\/2024\/02\/Strassenreinigungssatzung.pdf\" target=\"_blank\" rel=\"noopener\">Strassenreinigungssatzung<\/a><\/p>\n<p><a href=\"https:\/\/carpin-mecklenburg.de\/wp-content\/uploads\/2024\/02\/umlage-wbv-carpin-lesefassung-1.pdf\" target=\"_blank\" rel=\"noopener\">Umlage-WBV<\/a><\/p>\n<p><a href=\"https:\/\/carpin-mecklenburg.de\/wp-content\/uploads\/2024\/02\/WillkommensgeldRichtlinie.pdf\" target=\"_blank\" rel=\"noopener\">Willkommensgeldrichtlinie<\/a><\/p>\n<p><a href=\"https:\/\/carpin-mecklenburg.de\/wp-content\/uploads\/2024\/02\/zweitwohnungssteuersatzung-carpin-lesefassung.pdf\" target=\"_blank\" rel=\"noopener\">Zweitwohnungssteuer<\/a><\/p>\n","protected":false},"excerpt":{"rendered":"<p>Hier finden Sie die entsprechenden Informationen als Download im PDF-Format. &nbsp; Ortsrecht Abwasserabgabe Kleineinleiter Feuerwehrgeb\u00fchrensatzung-Carpin Friedhofsgeb\u00fchrensatzung Friedhofssatzung Geh\u00f6lzschutzsatzung Hauptsatzung-Carpin Hausnummernsatzung Hebesatzsatzung Hundesteuersatzung Stellplatzsatzung Strassenreinigungssatzung Umlage-WBV Willkommensgeldrichtlinie Zweitwohnungssteuer<\/p>\n","protected":false},"author":4,"featured_media":0,"parent":0,"menu_order":0,"comment_status":"closed","ping_status":"closed","template":"","meta":{"footnotes":""},"class_list":["post-37","page","type-page","status-publish","hentry"],"_links":{"self":[{"href":"https:\/\/carpin-mecklenburg.de\/index.php\/wp-json\/wp\/v2\/pages\/37"}],"collection":[{"href":"https:\/\/carpin-mecklenburg.de\/index.php\/wp-json\/wp\/v2\/pages"}],"about":[{"href":"https:\/\/carpin-mecklenburg.de\/index.php\/wp-json\/wp\/v2\/types\/page"}],"author":[{"embeddable":true,"href":"https:\/\/carpin-mecklenburg.de\/index.php\/wp-json\/wp\/v2\/users\/4"}],"replies":[{"embeddable":true,"href":"https:\/\/carpin-mecklenburg.de\/index.php\/wp-json\/wp\/v2\/comments?post=37"}],"version-history":[{"count":18,"href":"https:\/\/carpin-mecklenburg.de\/index.php\/wp-json\/wp\/v2\/pages\/37\/revisions"}],"predecessor-version":[{"id":801,"href":"https:\/\/carpin-mecklenburg.de\/index.php\/wp-json\/wp\/v2\/pages\/37\/revisions\/801"}],"wp:attachment":[{"href":"https:\/\/carpin-mecklenburg.de\/index.php\/wp-json\/wp\/v2\/media?parent=37"}],"curies":[{"name":"wp","href":"https:\/\/api.w.org\/{rel}","templated":true}]}}