{"id":362,"date":"2021-08-10T13:43:58","date_gmt":"2021-08-10T13:43:58","guid":{"rendered":"https:\/\/carpin-mecklenburg.de\/?page_id=362"},"modified":"2025-03-10T15:35:46","modified_gmt":"2025-03-10T16:35:46","slug":"pilgerweg-carpin","status":"publish","type":"page","link":"https:\/\/carpin-mecklenburg.de\/index.php\/pilgerweg-carpin\/","title":{"rendered":"Pilgerweg Carpin"},"content":{"rendered":"<p>Auch kurzzeitiges Pilgern kann mit einem tiefen Erlebnis verbunden sein. Eine Auszeit auf Zeit erleben Sie beim \u201eWochenendpilgern\u201c.<\/p>\n<p>Pilgerkarten k\u00f6nnen bei der Touristinfo der Mecklenburgischen Seenplatte telefonisch bestellt werden unter +49 (0) 39931 5380.<\/p>\n<p>&nbsp;<\/p>\n<p><strong>Routenvorschlag: Von Burg Stargard nach Carpin (ca. 27km)<\/strong><\/p>\n<p>Anreise \u00fcber\u00a0Hbf Burg Stargard (Fahrzeit vom Hbf Berlin: 100 Min)<\/p>\n<p><em>Tag 1: Von Burg Stargard nach Zachow (10 km)<\/em><\/p>\n<p>In Burg Stargard befindet sich die \u00e4lteste Festung Mecklenburg-Vorpommerns. Auf der mittelalterlichen Burg gibt es ein Museum, einen Wurz- und Krautgarten mit Caf\u00e9 und einen Turm, der bestiegen werden kann. Von dem Ort geht es durch eine h\u00fcgelige Feldlandschaft in das beschauliche \u00d6rtchen Zachow.<\/p>\n<p><em>Tag 2: Von Zachow nach Carpin (17 km)<\/em><\/p>\n<p>Von Zachow geht es durch den Zachower Forst nach Wanzka, wo sich ein ehemaliges Zisterzienserkloster befindet. Anschlie\u00dfend f\u00fchrt der Weg zwischen einer Seenlandschaft hindurch nach R\u00f6dlin und Carpin.<\/p>\n<p>Abreise: per Bus von Carpin mit der Linie 619 nach Neustrelitz. Vom Hbf Neustrelitz verkehren Z\u00fcge st\u00fcndlich nach Berlin mit einer Fahrtzeit von 75 Min.<\/p>\n<p>&nbsp;<\/p>\n<p><strong>Routenvorschlag: Von Carpin nach F\u00fcrstenberg\/Havel (ca. 69 km)<\/strong><\/p>\n<p>Anreise: Hbf Neustrelitz (Fahrzeit vom HBF Berlin: 75min)<\/p>\n<p><em>Tag 1: Von Carpin nach Steinm\u00fchle (24 km)<\/em><\/p>\n<p><em>Tag 2: Von Steinm\u00fchle nach Wokuhl (18 km)<\/em><\/p>\n<p><em>Tag 3: Von Wokuhl nach F\u00fcrstenberg\/Havel (27 km)<\/em><\/p>\n<p>Abreise: Hbf F\u00fcrstenberg\/Havel, Z\u00fcge verkehren st\u00fcndlich nach Berlin. Fahrtzeit: 60 min.<\/p>\n","protected":false},"excerpt":{"rendered":"<p>Auch kurzzeitiges Pilgern kann mit einem tiefen Erlebnis verbunden sein. Eine Auszeit auf Zeit erleben Sie beim \u201eWochenendpilgern\u201c. Pilgerkarten k\u00f6nnen bei der Touristinfo der Mecklenburgischen Seenplatte telefonisch bestellt werden unter +49 (0) 39931 5380. &nbsp; Routenvorschlag: Von Burg Stargard nach Carpin (ca. 27km) Anreise \u00fcber\u00a0Hbf Burg Stargard (Fahrzeit vom Hbf Berlin: 100 Min) Tag 1: Von Burg Stargard nach Zachow (10 km) In Burg Stargard befindet sich die \u00e4lteste Festung Mecklenburg-Vorpommerns. Auf der mittelalterlichen Burg gibt es ein Museum, einen Wurz- und Krautgarten mit Caf\u00e9 und einen Turm, der bestiegen werden kann. Von dem Ort geht es durch eine h\u00fcgelige Feldlandschaft in das beschauliche \u00d6rtchen Zachow. Tag 2: Von Zachow nach Carpin (17 km) Von Zachow geht es durch den Zachower Forst nach Wanzka, wo sich ein ehemaliges Zisterzienserkloster befindet. Anschlie\u00dfend f\u00fchrt der Weg zwischen einer Seenlandschaft hindurch nach R\u00f6dlin und Carpin. Abreise: per Bus von Carpin mit der Linie 619 nach Neustrelitz. Vom Hbf Neustrelitz verkehren Z\u00fcge st\u00fcndlich nach Berlin mit einer Fahrtzeit von 75 Min. &nbsp; Routenvorschlag: Von Carpin nach F\u00fcrstenberg\/Havel (ca. 69 km) Anreise: Hbf Neustrelitz (Fahrzeit vom HBF Berlin: 75min) Tag 1: Von Carpin nach Steinm\u00fchle (24 km) Tag 2: Von Steinm\u00fchle nach Wokuhl (18 km) Tag 3: Von Wokuhl nach F\u00fcrstenberg\/Havel (27 km) Abreise: Hbf F\u00fcrstenberg\/Havel, Z\u00fcge verkehren st\u00fcndlich nach Berlin. Fahrtzeit: 60 min.<\/p>\n","protected":false},"author":4,"featured_media":0,"parent":0,"menu_order":0,"comment_status":"closed","ping_status":"closed","template":"","meta":{"footnotes":""},"class_list":["post-362","page","type-page","status-publish","hentry"],"_links":{"self":[{"href":"https:\/\/carpin-mecklenburg.de\/index.php\/wp-json\/wp\/v2\/pages\/362"}],"collection":[{"href":"https:\/\/carpin-mecklenburg.de\/index.php\/wp-json\/wp\/v2\/pages"}],"about":[{"href":"https:\/\/carpin-mecklenburg.de\/index.php\/wp-json\/wp\/v2\/types\/page"}],"author":[{"embeddable":true,"href":"https:\/\/carpin-mecklenburg.de\/index.php\/wp-json\/wp\/v2\/users\/4"}],"replies":[{"embeddable":true,"href":"https:\/\/carpin-mecklenburg.de\/index.php\/wp-json\/wp\/v2\/comments?post=362"}],"version-history":[{"count":4,"href":"https:\/\/carpin-mecklenburg.de\/index.php\/wp-json\/wp\/v2\/pages\/362\/revisions"}],"predecessor-version":[{"id":1396,"href":"https:\/\/carpin-mecklenburg.de\/index.php\/wp-json\/wp\/v2\/pages\/362\/revisions\/1396"}],"wp:attachment":[{"href":"https:\/\/carpin-mecklenburg.de\/index.php\/wp-json\/wp\/v2\/media?parent=362"}],"curies":[{"name":"wp","href":"https:\/\/api.w.org\/{rel}","templated":true}]}}