{"id":29,"date":"2021-03-01T10:21:09","date_gmt":"2021-03-01T10:21:09","guid":{"rendered":"https:\/\/carpin-mecklenburg.de\/?page_id=29"},"modified":"2025-11-13T13:38:37","modified_gmt":"2025-11-13T14:38:37","slug":"gemeindevertretung","status":"publish","type":"page","link":"https:\/\/carpin-mecklenburg.de\/index.php\/gemeindevertretung\/","title":{"rendered":"Gemeindevertretung"},"content":{"rendered":"<p>&nbsp;<\/p>\n<p><img loading=\"lazy\" decoding=\"async\" class=\"alignnone wp-image-1507\" src=\"https:\/\/carpin-mecklenburg.de\/wp-content\/uploads\/2025\/11\/Gemeindevertretung2025_web-300x200.jpg\" alt=\"\" width=\"464\" height=\"309\" srcset=\"https:\/\/carpin-mecklenburg.de\/wp-content\/uploads\/2025\/11\/Gemeindevertretung2025_web-300x200.jpg 300w, https:\/\/carpin-mecklenburg.de\/wp-content\/uploads\/2025\/11\/Gemeindevertretung2025_web-1024x683.jpg 1024w, https:\/\/carpin-mecklenburg.de\/wp-content\/uploads\/2025\/11\/Gemeindevertretung2025_web-768x512.jpg 768w, https:\/\/carpin-mecklenburg.de\/wp-content\/uploads\/2025\/11\/Gemeindevertretung2025_web-391x260.jpg 391w, https:\/\/carpin-mecklenburg.de\/wp-content\/uploads\/2025\/11\/Gemeindevertretung2025_web-1536x1024.jpg 1536w, https:\/\/carpin-mecklenburg.de\/wp-content\/uploads\/2025\/11\/Gemeindevertretung2025_web-2048x1365.jpg 2048w, https:\/\/carpin-mecklenburg.de\/wp-content\/uploads\/2025\/11\/Gemeindevertretung2025_web-1140x760.jpg 1140w\" sizes=\"(max-width: 464px) 100vw, 464px\" \/><\/p>\n<p><strong>Die Gemeindevertretung:<\/strong><\/p>\n<p>B\u00fcrgermeister: Claus Weber<br \/>\n1. Stellvertreter: Andreas Trebbow<br \/>\n2. Stellvertreter: Enrico Kollhof<\/p>\n<p>Gemeindevertreter: Olaf J\u00fcrvitz<br \/>\nGemeindevertreterin: Manuela Reysner<br \/>\nGemeindevertreter: Mario M\u00fcller<br \/>\nGemeindevertreter: Daniel W\u00fcstenberg, Bauausschussvorsitzender<br \/>\nGemeindevertreterin: Anja Zahn, Vorsitzende Kultur- und Sozialausschuss<br \/>\nGemeindevertreter: G\u00fcnther Stolz<\/p>\n<p>&nbsp;<\/p>\n","protected":false},"excerpt":{"rendered":"<p>&nbsp; Die Gemeindevertretung: B\u00fcrgermeister: Claus Weber 1. Stellvertreter: Andreas Trebbow 2. Stellvertreter: Enrico Kollhof Gemeindevertreter: Olaf J\u00fcrvitz Gemeindevertreterin: Manuela Reysner Gemeindevertreter: Mario M\u00fcller Gemeindevertreter: Daniel W\u00fcstenberg, Bauausschussvorsitzender Gemeindevertreterin: Anja Zahn, Vorsitzende Kultur- und Sozialausschuss Gemeindevertreter: G\u00fcnther Stolz &nbsp;<\/p>\n","protected":false},"author":4,"featured_media":0,"parent":0,"menu_order":0,"comment_status":"closed","ping_status":"closed","template":"","meta":{"footnotes":""},"class_list":["post-29","page","type-page","status-publish","hentry"],"_links":{"self":[{"href":"https:\/\/carpin-mecklenburg.de\/index.php\/wp-json\/wp\/v2\/pages\/29"}],"collection":[{"href":"https:\/\/carpin-mecklenburg.de\/index.php\/wp-json\/wp\/v2\/pages"}],"about":[{"href":"https:\/\/carpin-mecklenburg.de\/index.php\/wp-json\/wp\/v2\/types\/page"}],"author":[{"embeddable":true,"href":"https:\/\/carpin-mecklenburg.de\/index.php\/wp-json\/wp\/v2\/users\/4"}],"replies":[{"embeddable":true,"href":"https:\/\/carpin-mecklenburg.de\/index.php\/wp-json\/wp\/v2\/comments?post=29"}],"version-history":[{"count":10,"href":"https:\/\/carpin-mecklenburg.de\/index.php\/wp-json\/wp\/v2\/pages\/29\/revisions"}],"predecessor-version":[{"id":1509,"href":"https:\/\/carpin-mecklenburg.de\/index.php\/wp-json\/wp\/v2\/pages\/29\/revisions\/1509"}],"wp:attachment":[{"href":"https:\/\/carpin-mecklenburg.de\/index.php\/wp-json\/wp\/v2\/media?parent=29"}],"curies":[{"name":"wp","href":"https:\/\/api.w.org\/{rel}","templated":true}]}}

<p>&nbsp;</p>
<p><img loading="lazy" decoding="async" class="alignnone wp-image-1507" src="https://carpin-mecklenburg.de/wp-content/uploads/2025/11/Gemeindevertretung2025_web-300x200.jpg" alt="" width="464" height="309" srcset="https://carpin-mecklenburg.de/wp-content/uploads/2025/11/Gemeindevertretung2025_web-300x200.jpg 300w, https://carpin-mecklenburg.de/wp-content/uploads/2025/11/Gemeindevertretung2025_web-1024x683.jpg 1024w, https://carpin-mecklenburg.de/wp-content/uploads/2025/11/Gemeindevertretung2025_web-768x512.jpg 768w, https://carpin-mecklenburg.de/wp-content/uploads/2025/11/Gemeindevertretung2025_web-391x260.jpg 391w, https://carpin-mecklenburg.de/wp-content/uploads/2025/11/Gemeindevertretung2025_web-1536x1024.jpg 1536w, https://carpin-mecklenburg.de/wp-content/uploads/2025/11/Gemeindevertretung2025_web-2048x1365.jpg 2048w, https://carpin-mecklenburg.de/wp-content/uploads/2025/11/Gemeindevertretung2025_web-1140x760.jpg 1140w" sizes="(max-width: 464px) 100vw, 464px" /></p>
<p><strong>Die Gemeindevertretung:</strong></p>
<p>Bürgermeister: Claus Weber<br />
1. Stellvertreter: Andreas Trebbow<br />
2. Stellvertreter: Enrico Kollhof</p>
<p>Gemeindevertreter: Olaf Jürvitz<br />
Gemeindevertreterin: Manuela Reysner<br />
Gemeindevertreter: Mario Müller<br />
Gemeindevertreter: Daniel Wüstenberg, Bauausschussvorsitzender<br />
Gemeindevertreterin: Anja Zahn, Vorsitzende Kultur- und Sozialausschuss<br />
Gemeindevertreter: Günther Stolz</p>
<p>&nbsp;</p>

<p>&nbsp; Die Gemeindevertretung: Bürgermeister: Claus Weber 1. Stellvertreter: Andreas Trebbow 2. Stellvertreter: Enrico Kollhof Gemeindevertreter: Olaf Jürvitz Gemeindevertreterin: Manuela Reysner Gemeindevertreter: Mario Müller Gemeindevertreter: Daniel Wüstenberg, Bauausschussvorsitzender Gemeindevertreterin: Anja Zahn, Vorsitzende Kultur- und Sozialausschuss Gemeindevertreter: Günther Stolz &nbsp;</p>
